[INFO] fetching crate tenacious 0.2.3...
[INFO] checking tenacious-0.2.3 against master#9610dfe5a9a731ced1ea4923ecbd0c57fe367898 for beta-170-4
[INFO] extracting crate tenacious 0.2.3 into /workspace/builds/worker-2-tc1/source
[INFO] validating manifest of crates.io crate tenacious 0.2.3 on toolchain 9610dfe5a9a731ced1ea4923ecbd0c57fe367898
[INFO] running `Command { std: CARGO_HOME="/workspace/cargo-home" RUSTUP_HOME="/workspace/rustup-home" "/workspace/cargo-home/bin/cargo" "+9610dfe5a9a731ced1ea4923ecbd0c57fe367898" "metadata" "--manifest-path" "Cargo.toml" "--no-deps", kill_on_drop: false }`
[INFO] started tweaking crates.io crate tenacious 0.2.3
[INFO] finished tweaking crates.io crate tenacious 0.2.3
[INFO] tweaked toml for crates.io crate tenacious 0.2.3 written to /workspace/builds/worker-2-tc1/source/Cargo.toml
[INFO] running `Command { std: CARGO_HOME="/workspace/cargo-home" RUSTUP_HOME="/workspace/rustup-home" __CARGO_TEST_CHANNEL_OVERRIDE_DO_NOT_USE_THIS="nightly" "/workspace/cargo-home/bin/cargo" "+9610dfe5a9a731ced1ea4923ecbd0c57fe367898" "generate-lockfile" "--manifest-path" "Cargo.toml" "-Zno-index-update", kill_on_drop: false }`
[INFO] running `Command { std: CARGO_HOME="/workspace/cargo-home" RUSTUP_HOME="/workspace/rustup-home" "/workspace/cargo-home/bin/cargo" "+9610dfe5a9a731ced1ea4923ecbd0c57fe367898" "fetch" "--manifest-path" "Cargo.toml", kill_on_drop: false }`
[INFO] [stderr]  Downloading crates ...
[INFO] [stderr]   Downloaded compiletest_rs v0.2.10
[INFO] running `Command { std: "docker" "create" "-v" "/var/lib/crater-agent-workspace/builds/worker-2-tc1/target:/opt/rustwide/target:rw,Z" "-v" "/var/lib/crater-agent-workspace/builds/worker-2-tc1/source:/opt/rustwide/workdir:ro,Z" "-v" "/var/lib/crater-agent-workspace/cargo-home:/opt/rustwide/cargo-home:ro,Z" "-v" "/var/lib/crater-agent-workspace/rustup-home:/opt/rustwide/rustup-home:ro,Z" "-e" "SOURCE_DIR=/opt/rustwide/workdir" "-e" "CARGO_TARGET_DIR=/opt/rustwide/target" "-e" "CARGO_HOME=/opt/rustwide/cargo-home" "-e" "RUSTUP_HOME=/opt/rustwide/rustup-home" "-w" "/opt/rustwide/workdir" "-m" "1610612736" "--user" "0:0" "--network" "none" "ghcr.io/rust-lang/crates-build-env/linux@sha256:19e73879b68f455e41552ea35293514db52ea292d993f571636dbffedb77a1ee" "/opt/rustwide/cargo-home/bin/cargo" "+9610dfe5a9a731ced1ea4923ecbd0c57fe367898" "metadata" "--no-deps" "--format-version=1", kill_on_drop: false }`
[INFO] [stdout] 26d3e2cc1f7bbe9990e8b02015d5fc7d8f14fb8cf7a7f3ee1fa50a9633c2ed08
[INFO] running `Command { std: "docker" "start" "-a" "26d3e2cc1f7bbe9990e8b02015d5fc7d8f14fb8cf7a7f3ee1fa50a9633c2ed08", kill_on_drop: false }`
[INFO] running `Command { std: "docker" "inspect" "26d3e2cc1f7bbe9990e8b02015d5fc7d8f14fb8cf7a7f3ee1fa50a9633c2ed08", kill_on_drop: false }`
[INFO] running `Command { std: "docker" "rm" "-f" "26d3e2cc1f7bbe9990e8b02015d5fc7d8f14fb8cf7a7f3ee1fa50a9633c2ed08", kill_on_drop: false }`
[INFO] [stdout] 26d3e2cc1f7bbe9990e8b02015d5fc7d8f14fb8cf7a7f3ee1fa50a9633c2ed08
[INFO] running `Command { std: "docker" "create" "-v" "/var/lib/crater-agent-workspace/builds/worker-2-tc1/target:/opt/rustwide/target:rw,Z" "-v" "/var/lib/crater-agent-workspace/builds/worker-2-tc1/source:/opt/rustwide/workdir:ro,Z" "-v" "/var/lib/crater-agent-workspace/cargo-home:/opt/rustwide/cargo-home:ro,Z" "-v" "/var/lib/crater-agent-workspace/rustup-home:/opt/rustwide/rustup-home:ro,Z" "-e" "SOURCE_DIR=/opt/rustwide/workdir" "-e" "CARGO_TARGET_DIR=/opt/rustwide/target" "-e" "CARGO_INCREMENTAL=0" "-e" "RUST_BACKTRACE=full" "-e" "RUSTFLAGS=--cap-lints=forbid" "-e" "RUSTDOCFLAGS=--cap-lints=forbid" "-e" "CARGO_HOME=/opt/rustwide/cargo-home" "-e" "RUSTUP_HOME=/opt/rustwide/rustup-home" "-w" "/opt/rustwide/workdir" "-m" "1610612736" "--user" "0:0" "--network" "none" "ghcr.io/rust-lang/crates-build-env/linux@sha256:19e73879b68f455e41552ea35293514db52ea292d993f571636dbffedb77a1ee" "/opt/rustwide/cargo-home/bin/cargo" "+9610dfe5a9a731ced1ea4923ecbd0c57fe367898" "check" "--frozen" "--all" "--all-targets" "--message-format=json", kill_on_drop: false }`
[INFO] [stdout] ba3a4c0fea8a247b8e9bad3f7b278be4f934d538d568656122e1380846ae4011
[INFO] running `Command { std: "docker" "start" "-a" "ba3a4c0fea8a247b8e9bad3f7b278be4f934d538d568656122e1380846ae4011", kill_on_drop: false }`
[INFO] [stderr]     Checking rustc-serialize v0.3.24
[INFO] [stderr]    Compiling tenacious v0.2.3 (/opt/rustwide/workdir)
[INFO] [stderr]     Checking log v0.3.9
[INFO] [stdout] error: `box_syntax` has been removed
[INFO] [stdout]   --> src/lib.rs:29:33
[INFO] [stdout]    |
[INFO] [stdout] 29 |     reg.register_late_lint_pass(box TenaciousPass);
[INFO] [stdout]    |                                 ^^^^^^^^^^^^^^^^^
[INFO] [stdout]    |
[INFO] [stdout] help: use `Box::new()` instead
[INFO] [stdout]    |
[INFO] [stdout] 29 |     reg.register_late_lint_pass(Box::new(TenaciousPass));
[INFO] [stdout]    |                                 ~~~~~~~~~~~~~~~~~~~~~~~
[INFO] [stdout] 
[INFO] [stdout] 
[INFO] [stdout] error: `box_syntax` has been removed
[INFO] [stdout]   --> src/lib.rs:29:33
[INFO] [stdout]    |
[INFO] [stdout] 29 |     reg.register_late_lint_pass(box TenaciousPass);
[INFO] [stdout]    |                                 ^^^^^^^^^^^^^^^^^
[INFO] [stdout]    |
[INFO] [stdout] help: use `Box::new()` instead
[INFO] [stdout]    |
[INFO] [stdout] 29 |     reg.register_late_lint_pass(Box::new(TenaciousPass));
[INFO] [stdout]    |                                 ~~~~~~~~~~~~~~~~~~~~~~~
[INFO] [stdout] 
[INFO] [stdout] 
[INFO] [stdout] error[E0557]: feature has been removed
[INFO] [stdout]  --> src/lib.rs:1:12
[INFO] [stdout]   |
[INFO] [stdout] 1 | #![feature(plugin_registrar, box_syntax)]
[INFO] [stdout]   |            ^^^^^^^^^^^^^^^^ feature has been removed
[INFO] [stdout]   |
[INFO] [stdout]   = note: a __rustc_plugin_registrar symbol must now be defined instead
[INFO] [stdout] 
[INFO] [stdout] 
[INFO] [stdout] error[E0557]: feature has been removed
[INFO] [stdout]  --> src/lib.rs:1:12
[INFO] [stdout]   |
[INFO] [stdout] 1 | #![feature(plugin_registrar, box_syntax)]
[INFO] [stdout]   |            ^^^^^^^^^^^^^^^^ feature has been removed
[INFO] [stdout]   |
[INFO] [stdout]   = note: a __rustc_plugin_registrar symbol must now be defined instead
[INFO] [stdout] 
[INFO] [stdout] 
[INFO] [stdout] error[E0557]: feature has been removed
[INFO] [stdout]  --> src/lib.rs:1:30
[INFO] [stdout]   |
[INFO] [stdout] 1 | #![feature(plugin_registrar, box_syntax)]
[INFO] [stdout]   |                              ^^^^^^^^^^ feature has been removed
[INFO] [stdout]   |
[INFO] [stdout]   = note: replaced with `#[rustc_box]`
[INFO] [stdout] 
[INFO] [stdout] 
[INFO] [stdout] error[E0557]: feature has been removed
[INFO] [stdout]  --> src/lib.rs:1:30
[INFO] [stdout]   |
[INFO] [stdout] 1 | #![feature(plugin_registrar, box_syntax)]
[INFO] [stdout]   |                              ^^^^^^^^^^ feature has been removed
[INFO] [stdout]   |
[INFO] [stdout]   = note: replaced with `#[rustc_box]`
[INFO] [stdout] 
[INFO] [stdout] 
[INFO] [stdout] error[E0463]: can't find crate for `syntax`
[INFO] [stdout]  --> src/lib.rs:6:1
[INFO] [stdout]   |
[INFO] [stdout] 6 | extern crate syntax;
[INFO] [stdout]   | ^^^^^^^^^^^^^^^^^^^^ can't find crate
[INFO] [stdout] 
[INFO] [stdout] 
[INFO] [stdout] error[E0463]: can't find crate for `syntax`
[INFO] [stdout]  --> src/lib.rs:6:1
[INFO] [stdout]   |
[INFO] [stdout] 6 | extern crate syntax;
[INFO] [stdout]   | ^^^^^^^^^^^^^^^^^^^^ can't find crate
[INFO] [stdout] 
[INFO] [stdout] 
[INFO] [stdout] error[E0462]: found staticlib `rustc` instead of rlib or dylib
[INFO] [stdout]  --> src/lib.rs:8:1
[INFO] [stdout]   |
[INFO] [stdout] 8 | extern crate rustc;
[INFO] [stdout]   | ^^^^^^^^^^^^^^^^^^^
[INFO] [stdout]   |
[INFO] [stdout]   = note: the following crate versions were found:
[INFO] [stdout]           crate `rustc`: /opt/rustwide/rustup-home/toolchains/9610dfe5a9a731ced1ea4923ecbd0c57fe367898/lib/rustlib/x86_64-unknown-linux-gnu/lib/librustc-nightly_rt.tsan.a
[INFO] [stdout]           crate `rustc`: /opt/rustwide/rustup-home/toolchains/9610dfe5a9a731ced1ea4923ecbd0c57fe367898/lib/rustlib/x86_64-unknown-linux-gnu/lib/librustc-nightly_rt.msan.a
[INFO] [stdout]           crate `rustc`: /opt/rustwide/rustup-home/toolchains/9610dfe5a9a731ced1ea4923ecbd0c57fe367898/lib/rustlib/x86_64-unknown-linux-gnu/lib/librustc-nightly_rt.asan.a
[INFO] [stdout]           crate `rustc`: /opt/rustwide/rustup-home/toolchains/9610dfe5a9a731ced1ea4923ecbd0c57fe367898/lib/rustlib/x86_64-unknown-linux-gnu/lib/librustc-nightly_rt.lsan.a
[INFO] [stdout]           crate `rustc`: /opt/rustwide/rustup-home/toolchains/9610dfe5a9a731ced1ea4923ecbd0c57fe367898/lib/rustlib/x86_64-unknown-linux-gnu/lib/librustc-nightly_rt.safestack.a
[INFO] [stdout]   = help: please recompile that crate using --crate-type lib
[INFO] [stdout] 
[INFO] [stdout] 
[INFO] [stdout] error[E0463]: can't find crate for `rustc_plugin`
[INFO] [stdout]  --> src/lib.rs:9:1
[INFO] [stdout]   |
[INFO] [stdout] 9 | extern crate rustc_plugin;
[INFO] [stdout]   | ^^^^^^^^^^^^^^^^^^^^^^^^^^ can't find crate
[INFO] [stdout]   |
[INFO] [stdout]   = help: maybe you need to install the missing components with: `rustup component add rust-src rustc-dev llvm-tools-preview`
[INFO] [stdout] 
[INFO] [stdout] 
[INFO] [stdout] error[E0462]: found staticlib `rustc` instead of rlib or dylib
[INFO] [stdout]  --> src/lib.rs:8:1
[INFO] [stdout]   |
[INFO] [stdout] 8 | extern crate rustc;
[INFO] [stdout]   | ^^^^^^^^^^^^^^^^^^^
[INFO] [stdout]   |
[INFO] [stdout]   = note: the following crate versions were found:
[INFO] [stdout]           crate `rustc`: /opt/rustwide/rustup-home/toolchains/9610dfe5a9a731ced1ea4923ecbd0c57fe367898/lib/rustlib/x86_64-unknown-linux-gnu/lib/librustc-nightly_rt.tsan.a
[INFO] [stdout]           crate `rustc`: /opt/rustwide/rustup-home/toolchains/9610dfe5a9a731ced1ea4923ecbd0c57fe367898/lib/rustlib/x86_64-unknown-linux-gnu/lib/librustc-nightly_rt.msan.a
[INFO] [stdout]           crate `rustc`: /opt/rustwide/rustup-home/toolchains/9610dfe5a9a731ced1ea4923ecbd0c57fe367898/lib/rustlib/x86_64-unknown-linux-gnu/lib/librustc-nightly_rt.asan.a
[INFO] [stdout]           crate `rustc`: /opt/rustwide/rustup-home/toolchains/9610dfe5a9a731ced1ea4923ecbd0c57fe367898/lib/rustlib/x86_64-unknown-linux-gnu/lib/librustc-nightly_rt.lsan.a
[INFO] [stdout]           crate `rustc`: /opt/rustwide/rustup-home/toolchains/9610dfe5a9a731ced1ea4923ecbd0c57fe367898/lib/rustlib/x86_64-unknown-linux-gnu/lib/librustc-nightly_rt.safestack.a
[INFO] [stdout]   = help: please recompile that crate using --crate-type lib
[INFO] [stdout] 
[INFO] [stdout] 
[INFO] [stdout] error[E0463]: can't find crate for `rustc_plugin`
[INFO] [stdout]  --> src/lib.rs:9:1
[INFO] [stdout]   |
[INFO] [stdout] 9 | extern crate rustc_plugin;
[INFO] [stdout]   | ^^^^^^^^^^^^^^^^^^^^^^^^^^ can't find crate
[INFO] [stdout]   |
[INFO] [stdout]   = help: maybe you need to install the missing components with: `rustup component add rust-src rustc-dev llvm-tools-preview`
[INFO] [stdout] 
[INFO] [stdout] 
[INFO] [stdout] error: cannot find attribute `plugin_registrar` in this scope
[INFO] [stdout]   --> src/lib.rs:27:3
[INFO] [stdout]    |
[INFO] [stdout] 27 | #[plugin_registrar]
[INFO] [stdout]    |   ^^^^^^^^^^^^^^^^
[INFO] [stdout]    |
[INFO] [stdout]    = note: `plugin_registrar` is in scope, but it is a function, not an attribute
[INFO] [stdout] 
[INFO] [stdout] 
[INFO] [stdout] error: cannot find macro `declare_lint` in this scope
[INFO] [stdout]   --> src/lib.rs:52:1
[INFO] [stdout]    |
[INFO] [stdout] 52 | declare_lint!(pub MOVED_NO_MOVE, Deny,
[INFO] [stdout]    | ^^^^^^^^^^^^
[INFO] [stdout] 
[INFO] [stdout] 
[INFO] [stdout] error: cannot find macro `lint_array` in this scope
[INFO] [stdout]   --> src/lib.rs:57:9
[INFO] [stdout]    |
[INFO] [stdout] 57 |         lint_array!(MOVED_NO_MOVE)
[INFO] [stdout]    |         ^^^^^^^^^^
[INFO] [stdout] 
[INFO] [stdout] 
[INFO] [stdout] error: cannot find attribute `plugin_registrar` in this scope
[INFO] [stdout]   --> src/lib.rs:27:3
[INFO] [stdout]    |
[INFO] [stdout] 27 | #[plugin_registrar]
[INFO] [stdout]    |   ^^^^^^^^^^^^^^^^
[INFO] [stdout]    |
[INFO] [stdout]    = note: `plugin_registrar` is in scope, but it is a function, not an attribute
[INFO] [stdout] 
[INFO] [stdout] 
[INFO] [stdout] error: cannot find macro `declare_lint` in this scope
[INFO] [stdout]   --> src/lib.rs:52:1
[INFO] [stdout]    |
[INFO] [stdout] 52 | declare_lint!(pub MOVED_NO_MOVE, Deny,
[INFO] [stdout]    | ^^^^^^^^^^^^
[INFO] [stdout] 
[INFO] [stdout] 
[INFO] [stdout] error: cannot find macro `lint_array` in this scope
[INFO] [stdout]   --> src/lib.rs:57:9
[INFO] [stdout]    |
[INFO] [stdout] 57 |         lint_array!(MOVED_NO_MOVE)
[INFO] [stdout]    |         ^^^^^^^^^^
[INFO] [stdout] 
[INFO] [stdout] 
[INFO] [stdout] error[E0412]: cannot find type `FnDecl` in this scope
[INFO] [stdout]   --> src/lib.rs:63:67
[INFO] [stdout]    |
[INFO] [stdout] 63 |     fn check_fn(&mut self, cx: &Context, _: visit::FnKind, decl: &FnDecl, body: &Block, _: Span, id: NodeId) {
[INFO] [stdout]    |                                                                   ^^^^^^ not found in this scope
[INFO] [stdout] 
[INFO] [stdout] 
[INFO] [stdout] error[E0412]: cannot find type `Block` in this scope
[INFO] [stdout]   --> src/lib.rs:63:82
[INFO] [stdout]    |
[INFO] [stdout] 63 |     fn check_fn(&mut self, cx: &Context, _: visit::FnKind, decl: &FnDecl, body: &Block, _: Span, id: NodeId) {
[INFO] [stdout]    |                                                                                  ^^^^^ not found in this scope
[INFO] [stdout] 
[INFO] [stdout] 
[INFO] [stdout] error[E0412]: cannot find type `VariantData` in this scope
[INFO] [stdout]   --> src/lib.rs:71:56
[INFO] [stdout]    |
[INFO] [stdout] 71 |     fn check_struct_def(&mut self, cx: &Context, def: &VariantData, _: Name, _: &Generics, id: NodeId) {
[INFO] [stdout]    |                                                        ^^^^^^^^^^^ not found in this scope
[INFO] [stdout] 
[INFO] [stdout] 
[INFO] [stdout] error[E0412]: cannot find type `Generics` in this scope
[INFO] [stdout]   --> src/lib.rs:71:82
[INFO] [stdout]    |
[INFO] [stdout] 71 |     fn check_struct_def(&mut self, cx: &Context, def: &VariantData, _: Name, _: &Generics, id: NodeId) {
[INFO] [stdout]    |                                                                                  ^^^^^^^^ not found in this scope
[INFO] [stdout] 
[INFO] [stdout] 
[INFO] [stdout] error[E0425]: cannot find value `MOVED_NO_MOVE` in this scope
[INFO] [stdout]   --> src/lib.rs:79:34
[INFO] [stdout]    |
[INFO] [stdout] 79 |                     cx.span_lint(MOVED_NO_MOVE, field.span,
[INFO] [stdout]    |                                  ^^^^^^^^^^^^^ not found in this scope
[INFO] [stdout] 
[INFO] [stdout] 
[INFO] [stdout] error[E0425]: cannot find value `MOVED_NO_MOVE` in this scope
[INFO] [stdout]    --> src/lib.rs:101:34
[INFO] [stdout]     |
[INFO] [stdout] 101 |                 self.0.span_lint(MOVED_NO_MOVE, consume_span,
[INFO] [stdout]     |                                  ^^^^^^^^^^^^^ not found in this scope
[INFO] [stdout] 
[INFO] [stdout] 
[INFO] [stdout] error[E0412]: cannot find type `Pat` in this scope
[INFO] [stdout]    --> src/lib.rs:107:37
[INFO] [stdout]     |
[INFO] [stdout] 107 |     fn matched_pat(&mut self, pat: &Pat, cmt: cmt<'tcx>, mode: euv::MatchMode) {
[INFO] [stdout]     |                                     ^^^ not found in this scope
[INFO] [stdout] 
[INFO] [stdout] 
[INFO] [stdout] error[E0425]: cannot find value `MOVED_NO_MOVE` in this scope
[INFO] [stdout]    --> src/lib.rs:114:34
[INFO] [stdout]     |
[INFO] [stdout] 114 |                 self.0.span_lint(MOVED_NO_MOVE, pat.span,
[INFO] [stdout]     |                                  ^^^^^^^^^^^^^ not found in this scope
[INFO] [stdout] 
[INFO] [stdout] 
[INFO] [stdout] error[E0412]: cannot find type `Pat` in this scope
[INFO] [stdout]    --> src/lib.rs:119:37
[INFO] [stdout]     |
[INFO] [stdout] 119 |     fn consume_pat(&mut self, pat: &Pat, cmt: cmt<'tcx>, mode: euv::ConsumeMode) {
[INFO] [stdout]     |                                     ^^^ not found in this scope
[INFO] [stdout] 
[INFO] [stdout] 
[INFO] [stdout] error[E0425]: cannot find value `MOVED_NO_MOVE` in this scope
[INFO] [stdout]    --> src/lib.rs:126:34
[INFO] [stdout]     |
[INFO] [stdout] 126 |                 self.0.span_lint(MOVED_NO_MOVE, pat.span,
[INFO] [stdout]     |                                  ^^^^^^^^^^^^^ not found in this scope
[INFO] [stdout] 
[INFO] [stdout] 
[INFO] [stdout] error[E0412]: cannot find type `FnDecl` in this scope
[INFO] [stdout]   --> src/lib.rs:63:67
[INFO] [stdout]    |
[INFO] [stdout] 63 |     fn check_fn(&mut self, cx: &Context, _: visit::FnKind, decl: &FnDecl, body: &Block, _: Span, id: NodeId) {
[INFO] [stdout]    |                                                                   ^^^^^^ not found in this scope
[INFO] [stdout] 
[INFO] [stdout] 
[INFO] [stdout] error[E0412]: cannot find type `Block` in this scope
[INFO] [stdout]   --> src/lib.rs:63:82
[INFO] [stdout]    |
[INFO] [stdout] 63 |     fn check_fn(&mut self, cx: &Context, _: visit::FnKind, decl: &FnDecl, body: &Block, _: Span, id: NodeId) {
[INFO] [stdout]    |                                                                                  ^^^^^ not found in this scope
[INFO] [stdout] 
[INFO] [stdout] 
[INFO] [stdout] error[E0412]: cannot find type `VariantData` in this scope
[INFO] [stdout]   --> src/lib.rs:71:56
[INFO] [stdout]    |
[INFO] [stdout] 71 |     fn check_struct_def(&mut self, cx: &Context, def: &VariantData, _: Name, _: &Generics, id: NodeId) {
[INFO] [stdout]    |                                                        ^^^^^^^^^^^ not found in this scope
[INFO] [stdout] 
[INFO] [stdout] 
[INFO] [stdout] error[E0412]: cannot find type `Generics` in this scope
[INFO] [stdout]   --> src/lib.rs:71:82
[INFO] [stdout]    |
[INFO] [stdout] 71 |     fn check_struct_def(&mut self, cx: &Context, def: &VariantData, _: Name, _: &Generics, id: NodeId) {
[INFO] [stdout]    |                                                                                  ^^^^^^^^ not found in this scope
[INFO] [stdout] 
[INFO] [stdout] 
[INFO] [stdout] error[E0425]: cannot find value `MOVED_NO_MOVE` in this scope
[INFO] [stdout]   --> src/lib.rs:79:34
[INFO] [stdout]    |
[INFO] [stdout] 79 |                     cx.span_lint(MOVED_NO_MOVE, field.span,
[INFO] [stdout]    |                                  ^^^^^^^^^^^^^ not found in this scope
[INFO] [stdout] 
[INFO] [stdout] 
[INFO] [stdout] error[E0425]: cannot find value `MOVED_NO_MOVE` in this scope
[INFO] [stdout]    --> src/lib.rs:101:34
[INFO] [stdout]     |
[INFO] [stdout] 101 |                 self.0.span_lint(MOVED_NO_MOVE, consume_span,
[INFO] [stdout]     |                                  ^^^^^^^^^^^^^ not found in this scope
[INFO] [stdout] 
[INFO] [stdout] 
[INFO] [stdout] error[E0412]: cannot find type `Pat` in this scope
[INFO] [stdout]    --> src/lib.rs:107:37
[INFO] [stdout]     |
[INFO] [stdout] 107 |     fn matched_pat(&mut self, pat: &Pat, cmt: cmt<'tcx>, mode: euv::MatchMode) {
[INFO] [stdout]     |                                     ^^^ not found in this scope
[INFO] [stdout] 
[INFO] [stdout] 
[INFO] [stdout] error[E0425]: cannot find value `MOVED_NO_MOVE` in this scope
[INFO] [stdout]    --> src/lib.rs:114:34
[INFO] [stdout]     |
[INFO] [stdout] 114 |                 self.0.span_lint(MOVED_NO_MOVE, pat.span,
[INFO] [stdout]     |                                  ^^^^^^^^^^^^^ not found in this scope
[INFO] [stdout] 
[INFO] [stdout] 
[INFO] [stdout] error[E0412]: cannot find type `Pat` in this scope
[INFO] [stdout]    --> src/lib.rs:119:37
[INFO] [stdout]     |
[INFO] [stdout] 119 |     fn consume_pat(&mut self, pat: &Pat, cmt: cmt<'tcx>, mode: euv::ConsumeMode) {
[INFO] [stdout]     |                                     ^^^ not found in this scope
[INFO] [stdout] 
[INFO] [stdout] 
[INFO] [stdout] error[E0425]: cannot find value `MOVED_NO_MOVE` in this scope
[INFO] [stdout]    --> src/lib.rs:126:34
[INFO] [stdout]     |
[INFO] [stdout] 126 |                 self.0.span_lint(MOVED_NO_MOVE, pat.span,
[INFO] [stdout]     |                                  ^^^^^^^^^^^^^ not found in this scope
[INFO] [stdout] 
[INFO] [stdout] 
[INFO] [stdout] error[E0433]: failed to resolve: use of undeclared crate or module `def_id`
[INFO] [stdout]    --> src/lib.rs:169:48
[INFO] [stdout]     |
[INFO] [stdout] 169 | pub fn match_def_path(tcx: ty::TyCtxt, def_id: def_id::DefId, path: &[&str]) -> bool {
[INFO] [stdout]     |                                                ^^^^^^ use of undeclared crate or module `def_id`
[INFO] [stdout] 
[INFO] [stdout] 
[INFO] [stdout] error: aborting due to 20 previous errors
[INFO] [stdout] 
[INFO] [stdout] 
[INFO] [stdout] Some errors have detailed explanations: E0412, E0425, E0433, E0462, E0463, E0557.
[INFO] [stdout] 
[INFO] [stdout] For more information about an error, try `rustc --explain E0412`.
[INFO] [stdout] 
[INFO] [stdout] error[E0433]: failed to resolve: use of undeclared crate or module `def_id`
[INFO] [stdout]    --> src/lib.rs:169:48
[INFO] [stdout]     |
[INFO] [stdout] 169 | pub fn match_def_path(tcx: ty::TyCtxt, def_id: def_id::DefId, path: &[&str]) -> bool {
[INFO] [stdout]     |                                                ^^^^^^ use of undeclared crate or module `def_id`
[INFO] [stdout] 
[INFO] [stdout] 
[INFO] [stdout] error: aborting due to 20 previous errors
[INFO] [stdout] 
[INFO] [stdout] 
[INFO] [stdout] Some errors have detailed explanations: E0412, E0425, E0433, E0462, E0463, E0557.
[INFO] [stdout] 
[INFO] [stdout] For more information about an error, try `rustc --explain E0412`.
[INFO] [stdout] 
[INFO] [stderr] error: could not compile `tenacious` (lib) due to 21 previous errors
[INFO] [stderr] warning: build failed, waiting for other jobs to finish...
[INFO] [stderr] error: could not compile `tenacious` (lib) due to 21 previous errors
[INFO] running `Command { std: "docker" "inspect" "ba3a4c0fea8a247b8e9bad3f7b278be4f934d538d568656122e1380846ae4011", kill_on_drop: false }`
[INFO] running `Command { std: "docker" "rm" "-f" "ba3a4c0fea8a247b8e9bad3f7b278be4f934d538d568656122e1380846ae4011", kill_on_drop: false }`
[INFO] [stdout] ba3a4c0fea8a247b8e9bad3f7b278be4f934d538d568656122e1380846ae4011
